{"id":831,"date":"2025-08-25T06:22:12","date_gmt":"2025-08-25T06:22:12","guid":{"rendered":"https:\/\/landschaftskongress.ch\/2022\/accueil\/"},"modified":"2025-10-16T09:19:23","modified_gmt":"2025-10-16T09:19:23","slug":"accueil","status":"publish","type":"page","link":"https:\/\/congrespaysage.ch\/2022\/","title":{"rendered":"Actualit\u00e9s"},"content":{"rendered":"\t\t<div data-elementor-type=\"wp-page\" data-elementor-id=\"831\" class=\"elementor elementor-831 elementor-610\" data-elementor-post-type=\"page\">\n\t\t\t\t<div class=\"elementor-element elementor-element-cb320cf e-con-full e-flex elementor-invisible e-con e-parent\" data-id=\"cb320cf\" data-element_type=\"container\" data-e-type=\"container\" data-settings=\"{&quot;sticky&quot;:&quot;top&quot;,&quot;animation&quot;:&quot;fadeInUp&quot;,&quot;position&quot;:&quot;absolute&quot;,&quot;sticky_on&quot;:[&quot;desktop&quot;,&quot;tablet&quot;,&quot;mobile&quot;],&quot;sticky_offset&quot;:0,&quot;sticky_effects_offset&quot;:0,&quot;sticky_anchor_link_offset&quot;:0}\">\n\t\t<div class=\"elementor-element elementor-element-ead3a22 e-con-full e-flex e-con e-child\" data-id=\"ead3a22\" data-element_type=\"container\" data-e-type=\"container\">\n\t\t\t\t<div class=\"elementor-element elementor-element-8cfd7a1 elementor-widget elementor-widget-image\" data-id=\"8cfd7a1\" data-element_type=\"widget\" data-e-type=\"widget\" id=\"headerTitel_02\" data-widget_type=\"image.default\">\n\t\t\t\t<div class=\"elementor-widget-container\">\n\t\t\t\t\t\t\t\t\t\t\t\t\t\t\t<img fetchpriority=\"high\" decoding=\"async\" width=\"595\" height=\"294\" src=\"https:\/\/congrespaysage.ch\/2022\/wp-content\/uploads\/2025\/09\/landschaftskongress_2022_logo_FR.svg\" class=\"attachment-large size-large wp-image-733\" alt=\"\" \/>\t\t\t\t\t\t\t\t\t\t\t\t\t\t\t<\/div>\n\t\t\t\t<\/div>\n\t\t\t\t<\/div>\n\t\t<div class=\"elementor-element elementor-element-23fee91 e-con-full e-flex e-con e-child\" data-id=\"23fee91\" data-element_type=\"container\" data-e-type=\"container\">\n\t\t\t\t<div class=\"elementor-element elementor-element-cee8666 elementor-widget elementor-widget-heading\" data-id=\"cee8666\" data-element_type=\"widget\" data-e-type=\"widget\" id=\"headerTitel\" data-widget_type=\"heading.default\">\n\t\t\t\t<div class=\"elementor-widget-container\">\n\t\t\t\t\t<h1 class=\"elementor-heading-title elementor-size-default\">VERS UNE NOUVELLE<\/h1>\t\t\t\t<\/div>\n\t\t\t\t<\/div>\n\t\t\t\t<div class=\"elementor-element elementor-element-89e9628 elementor-widget elementor-widget-heading\" data-id=\"89e9628\" data-element_type=\"widget\" data-e-type=\"widget\" id=\"headerTitel_03\" data-widget_type=\"heading.default\">\n\t\t\t\t<div class=\"elementor-widget-container\">\n\t\t\t\t\t<h1 class=\"elementor-heading-title elementor-size-default\">CULTURE DU\nPAYSAGE<\/h1>\t\t\t\t<\/div>\n\t\t\t\t<\/div>\n\t\t\t\t<\/div>\n\t\t\t\t<\/div>\n\t\t<div class=\"elementor-element elementor-element-20aa8ad e-con-full e-flex e-con e-parent\" data-id=\"20aa8ad\" data-element_type=\"container\" data-e-type=\"container\">\n\t\t\t\t<div class=\"elementor-element elementor-element-fe57bb2 elementor-widget elementor-widget-image\" data-id=\"fe57bb2\" data-element_type=\"widget\" data-e-type=\"widget\" data-widget_type=\"image.default\">\n\t\t\t\t<div class=\"elementor-widget-container\">\n\t\t\t\t\t\t\t\t\t\t\t\t\t\t\t<img decoding=\"async\" width=\"1\" height=\"1\" src=\"https:\/\/congrespaysage.ch\/2022\/wp-content\/uploads\/2025\/08\/landschaftskongress-2022-header-grafik.svg\" class=\"attachment-large size-large wp-image-728\" alt=\"\" \/>\t\t\t\t\t\t\t\t\t\t\t\t\t\t\t<\/div>\n\t\t\t\t<\/div>\n\t\t\t\t<\/div>\n\t\t<div class=\"elementor-element elementor-element-a9b9272 e-flex e-con-boxed e-con e-parent\" data-id=\"a9b9272\" data-element_type=\"container\" data-e-type=\"container\" data-settings=\"{&quot;background_background&quot;:&quot;classic&quot;}\">\n\t\t\t\t\t<div class=\"e-con-inner\">\n\t\t\t\t<div class=\"elementor-element elementor-element-d507aab elementor-widget elementor-widget-heading\" data-id=\"d507aab\" data-element_type=\"widget\" data-e-type=\"widget\" data-widget_type=\"heading.default\">\n\t\t\t\t<div class=\"elementor-widget-container\">\n\t\t\t\t\t<h2 class=\"elementor-heading-title elementor-size-default\">Nouvelles \/ Actualit\u00e9s<\/h2>\t\t\t\t<\/div>\n\t\t\t\t<\/div>\n\t\t<div class=\"elementor-element elementor-element-10a46e6 e-con-full e-flex e-con e-child\" data-id=\"10a46e6\" data-element_type=\"container\" data-e-type=\"container\">\n\t\t\t\t<div class=\"elementor-element elementor-element-9bc2d4e elementor-invisible elementor-widget elementor-widget-heading\" data-id=\"9bc2d4e\" data-element_type=\"widget\" data-e-type=\"widget\" data-settings=\"{&quot;_animation&quot;:&quot;fadeInUp&quot;}\" data-widget_type=\"heading.default\">\n\t\t\t\t<div class=\"elementor-widget-container\">\n\t\t\t\t\t<h3 class=\"elementor-heading-title elementor-size-default\">Le 3e Congr\u00e8s suisse du paysage fait partie de l'histoire<\/h3>\t\t\t\t<\/div>\n\t\t\t\t<\/div>\n\t\t\t\t<div class=\"elementor-element elementor-element-17d7a4b elementor-invisible elementor-widget elementor-widget-text-editor\" data-id=\"17d7a4b\" data-element_type=\"widget\" data-e-type=\"widget\" data-settings=\"{&quot;_animation&quot;:&quot;fadeIn&quot;,&quot;_animation_delay&quot;:300}\" data-widget_type=\"text-editor.default\">\n\t\t\t\t<div class=\"elementor-widget-container\">\n\t\t\t\t\t\t\t\t\t<p>Pr\u00e8s de 350 personnes issues de la pratique, de la science et de la politique ont pass\u00e9 deux jours \u00e0 Rapperswil, pour des discussions, des conf\u00e9rences, des excursions et la place du march\u00e9. Un grand merci \u00e0 tous ceux qui y ont particip\u00e9 ! Dans les semaines \u00e0 venir, nous mettrons successivement en ligne les contributions au congr\u00e8s, en commen\u00e7ant par les films sur les trois paysages de Valposchiavo, Limmattal et Lausanne, que vous trouverez ici.<\/p><p><a class=\"external\" title=\"Meldung\" href=\"https:\/\/landscape-alps-parks.scnat.ch\/de\/uuid\/i\/b3873338-f69e-5e76-a030-8566757fabf7-Das_war_der_3._Schweizer_Landschaftskongress_%E2%80%93_Hin_zu_einer_neuen_und_nachhaltigen_Landschaftskultur\" target=\"_blank\" rel=\"noopener\" data-link-target=\"blank\">Meldung<\/a> zum Landschaftskongress; Forum Landschaft, Alpen, P\u00e4rke<br>\n  <a class=\"external\" title=\"Twitter Moments\" href=\"https:\/\/twitter.com\/i\/events\/1569577776121892865\" target=\"_blank\" rel=\"noopener\" data-link-target=\"blank\">Twitter Moments<\/a>\n  <br><a class=\"external\" title=\"Plenumsvortr\u00e4ge\" href=\"https:\/\/www.youtube.com\/channel\/UC2MSysKyytYWxuKRVWOOF9w\" target=\"_blank\" rel=\"noopener\" data-link-target=\"blank\">Plenumsvortr\u00e4ge<\/a> auf dem Youtube Kanal des Studiengangs Landschaftsarchitektur\n<\/p>\t\t\t\t\t\t\t\t<\/div>\n\t\t\t\t<\/div>\n\t\t<div class=\"elementor-element elementor-element-8b0734d e-grid e-con-full e-con e-child\" data-id=\"8b0734d\" data-element_type=\"container\" data-e-type=\"container\">\n\t\t<div class=\"elementor-element elementor-element-0ef4294 e-con-full e-flex elementor-invisible e-con e-child\" data-id=\"0ef4294\" data-element_type=\"container\" data-e-type=\"container\" data-settings=\"{&quot;animation&quot;:&quot;fadeIn&quot;,&quot;animation_delay&quot;:300}\">\n\t\t\t\t<div class=\"elementor-element elementor-element-93daa83 elementor-invisible elementor-widget elementor-widget-heading\" data-id=\"93daa83\" data-element_type=\"widget\" data-e-type=\"widget\" data-settings=\"{&quot;_animation&quot;:&quot;fadeInUp&quot;}\" data-widget_type=\"heading.default\">\n\t\t\t\t<div class=\"elementor-widget-container\">\n\t\t\t\t\t<h3 class=\"elementor-heading-title elementor-size-default\">LAUSANNE<\/h3>\t\t\t\t<\/div>\n\t\t\t\t<\/div>\n\t\t\t\t<div class=\"elementor-element elementor-element-f1aec86 elementor-widget elementor-widget-video\" data-id=\"f1aec86\" data-element_type=\"widget\" data-e-type=\"widget\" data-settings=\"{&quot;youtube_url&quot;:&quot;https:\\\/\\\/www.youtube.com\\\/embed\\\/abxDRrpfQtU&quot;,&quot;video_type&quot;:&quot;youtube&quot;,&quot;controls&quot;:&quot;yes&quot;}\" data-widget_type=\"video.default\">\n\t\t\t\t<div class=\"elementor-widget-container\">\n\t\t\t\t\t\t\t<div class=\"elementor-wrapper elementor-open-inline\">\n\t\t\t<div class=\"elementor-video\"><\/div>\t\t<\/div>\n\t\t\t\t\t\t<\/div>\n\t\t\t\t<\/div>\n\t\t\t\t<\/div>\n\t\t<div class=\"elementor-element elementor-element-7c3f712 e-con-full e-flex elementor-invisible e-con e-child\" data-id=\"7c3f712\" data-element_type=\"container\" data-e-type=\"container\" data-settings=\"{&quot;animation&quot;:&quot;fadeIn&quot;,&quot;animation_delay&quot;:600}\">\n\t\t\t\t<div class=\"elementor-element elementor-element-192d8e8 elementor-invisible elementor-widget elementor-widget-heading\" data-id=\"192d8e8\" data-element_type=\"widget\" data-e-type=\"widget\" data-settings=\"{&quot;_animation&quot;:&quot;fadeInUp&quot;}\" data-widget_type=\"heading.default\">\n\t\t\t\t<div class=\"elementor-widget-container\">\n\t\t\t\t\t<h3 class=\"elementor-heading-title elementor-size-default\">LIMMATTAL<\/h3>\t\t\t\t<\/div>\n\t\t\t\t<\/div>\n\t\t\t\t<div class=\"elementor-element elementor-element-9857f95 elementor-widget elementor-widget-video\" data-id=\"9857f95\" data-element_type=\"widget\" data-e-type=\"widget\" data-settings=\"{&quot;youtube_url&quot;:&quot;https:\\\/\\\/www.youtube.com\\\/embed\\\/FpIC6NTMLDY&quot;,&quot;video_type&quot;:&quot;youtube&quot;,&quot;controls&quot;:&quot;yes&quot;}\" data-widget_type=\"video.default\">\n\t\t\t\t<div class=\"elementor-widget-container\">\n\t\t\t\t\t\t\t<div class=\"elementor-wrapper elementor-open-inline\">\n\t\t\t<div class=\"elementor-video\"><\/div>\t\t<\/div>\n\t\t\t\t\t\t<\/div>\n\t\t\t\t<\/div>\n\t\t\t\t<\/div>\n\t\t<div class=\"elementor-element elementor-element-7465322 e-con-full e-flex elementor-invisible e-con e-child\" data-id=\"7465322\" data-element_type=\"container\" data-e-type=\"container\" data-settings=\"{&quot;animation&quot;:&quot;fadeIn&quot;,&quot;animation_delay&quot;:900}\">\n\t\t\t\t<div class=\"elementor-element elementor-element-a2e8d97 elementor-invisible elementor-widget elementor-widget-heading\" data-id=\"a2e8d97\" data-element_type=\"widget\" data-e-type=\"widget\" data-settings=\"{&quot;_animation&quot;:&quot;fadeInUp&quot;}\" data-widget_type=\"heading.default\">\n\t\t\t\t<div class=\"elementor-widget-container\">\n\t\t\t\t\t<h3 class=\"elementor-heading-title elementor-size-default\">VALPOSCHIAVO<\/h3>\t\t\t\t<\/div>\n\t\t\t\t<\/div>\n\t\t\t\t<div class=\"elementor-element elementor-element-05778e4 elementor-widget elementor-widget-video\" data-id=\"05778e4\" data-element_type=\"widget\" data-e-type=\"widget\" data-settings=\"{&quot;youtube_url&quot;:&quot;https:\\\/\\\/www.youtube.com\\\/embed\\\/964SMbLWy9M&quot;,&quot;video_type&quot;:&quot;youtube&quot;,&quot;controls&quot;:&quot;yes&quot;}\" data-widget_type=\"video.default\">\n\t\t\t\t<div class=\"elementor-widget-container\">\n\t\t\t\t\t\t\t<div class=\"elementor-wrapper elementor-open-inline\">\n\t\t\t<div class=\"elementor-video\"><\/div>\t\t<\/div>\n\t\t\t\t\t\t<\/div>\n\t\t\t\t<\/div>\n\t\t\t\t<\/div>\n\t\t\t\t<\/div>\n\t\t\t\t<\/div>\n\t\t<div class=\"elementor-element elementor-element-8adf3b2 e-con-full e-flex e-con e-child\" data-id=\"8adf3b2\" data-element_type=\"container\" data-e-type=\"container\">\n\t\t\t\t<div class=\"elementor-element elementor-element-9395186 elementor-invisible elementor-widget elementor-widget-heading\" data-id=\"9395186\" data-element_type=\"widget\" data-e-type=\"widget\" data-settings=\"{&quot;_animation&quot;:&quot;fadeInUp&quot;}\" data-widget_type=\"heading.default\">\n\t\t\t\t<div class=\"elementor-widget-container\">\n\t\t\t\t\t<h3 class=\"elementor-heading-title elementor-size-default\">Book of Abstracts online<\/h3>\t\t\t\t<\/div>\n\t\t\t\t<\/div>\n\t\t\t\t<div class=\"elementor-element elementor-element-a4808ae elementor-invisible elementor-widget elementor-widget-text-editor\" data-id=\"a4808ae\" data-element_type=\"widget\" data-e-type=\"widget\" data-settings=\"{&quot;_animation&quot;:&quot;fadeIn&quot;,&quot;_animation_delay&quot;:300}\" data-widget_type=\"text-editor.default\">\n\t\t\t\t<div class=\"elementor-widget-container\">\n\t\t\t\t\t\t\t\t\t<p>Le Book of Abstracts contient les r\u00e9sum\u00e9s des conf\u00e9rences ainsi que toutes les informations compl\u00e9mentaires sur le 3e Congr\u00e8s du paysage. <\/p><p><a class=\"external_2022\" href=\"https:\/\/landschaftskongress.ch\/2022\/wp-content\/uploads\/2025\/08\/Book_of_Abstract_v3.pdf\" target=\"_blank\" rel=\"noopener\">Voir ici [PDF, 13.4 MB] <\/a><\/p>\t\t\t\t\t\t\t\t<\/div>\n\t\t\t\t<\/div>\n\t\t\t\t<\/div>\n\t\t<div class=\"elementor-element elementor-element-8821ffa e-con-full e-flex e-con e-child\" data-id=\"8821ffa\" data-element_type=\"container\" data-e-type=\"container\">\n\t\t\t\t<div class=\"elementor-element elementor-element-44d757b elementor-invisible elementor-widget elementor-widget-heading\" data-id=\"44d757b\" data-element_type=\"widget\" data-e-type=\"widget\" data-settings=\"{&quot;_animation&quot;:&quot;fadeInUp&quot;}\" data-widget_type=\"heading.default\">\n\t\t\t\t<div class=\"elementor-widget-container\">\n\t\t\t\t\t<h3 class=\"elementor-heading-title elementor-size-default\">Vers une nouvelle culture du paysage<\/h3>\t\t\t\t<\/div>\n\t\t\t\t<\/div>\n\t\t\t\t<div class=\"elementor-element elementor-element-1a2a039 elementor-invisible elementor-widget elementor-widget-text-editor\" data-id=\"1a2a039\" data-element_type=\"widget\" data-e-type=\"widget\" data-settings=\"{&quot;_animation&quot;:&quot;fadeIn&quot;,&quot;_animation_delay&quot;:300}\" data-widget_type=\"text-editor.default\">\n\t\t\t\t<div class=\"elementor-widget-container\">\n\t\t\t\t\t\t\t\t\t<p>Aire de d\u00e9veloppement sur ancienne friche industrielle. Construction et am\u00e9nagement de zones urbanis\u00e9es, infrastructures et espaces ext\u00e9rieurs. Planification et exploitation de l\u2019espace agricole. Tournage de films et publicit\u00e9 avec des images de paysages. Nous fa\u00e7onnons quotidiennement le paysage et influen\u00e7ons sa perception \u2013 en ville, \u00e0 la campagne et \u00e0 la montagne, au bureau et sur le terrain. Du fait de la pression constante sur la qualit\u00e9 du paysage et des nouvelles exigences comme la crise climatique et de la biodiversit\u00e9, des modifications notables de l\u2019approche et de l\u2019action sont aujourd\u2019hui plus que n\u00e9cessaires si nous souhaitons une culture du paysage durable.<br><br>Der 3. Schweizer Landschaftskongress am <strong>8.-9. September 2022<\/strong> an der Ostschweizer Fachhochschule OST in Rapperswil diskutiert diese Herausforderungen f\u00fcr die Landschaft in der Schweiz. Des repr\u00e9sentantes et repr\u00e9sentants de la pratique et de la politique, de la recherche et de l\u2019enseignement, sont invit\u00e9(e)s au dialogue et \u00e0 la recherche de solutions. <br> <br>Nous avons re\u00e7u plus de 120 propositions passionnantes de contributions au congr\u00e8s. Actuellement, nous sommes en train d&rsquo;\u00e9valuer et d&rsquo;attribuer les contributions re\u00e7ues au congr\u00e8s. Nous contacterons les contributeurs vers la fin mai.<\/p><p> <\/p>\t\t\t\t\t\t\t\t<\/div>\n\t\t\t\t<\/div>\n\t\t\t\t<\/div>\n\t\t\t\t\t<\/div>\n\t\t\t\t<\/div>\n\t\t\t\t<\/div>\n\t\t","protected":false},"excerpt":{"rendered":"<p>VERS UNE NOUVELLE CULTURE DU PAYSAGE Nouvelles \/ Actualit\u00e9s Le 3e Congr\u00e8s suisse du paysage fait partie de l&rsquo;histoire Pr\u00e8s de 350 personnes issues de la pratique, de la science et de la politique ont pass\u00e9 deux jours \u00e0 Rapperswil, pour des discussions, des conf\u00e9rences, des excursions et la place du march\u00e9. Un grand merci [&hellip;]<\/p>\n","protected":false},"author":1,"featured_media":0,"parent":0,"menu_order":0,"comment_status":"closed","ping_status":"closed","template":"","meta":{"footnotes":""},"class_list":["post-831","page","type-page","status-publish","hentry"],"_links":{"self":[{"href":"https:\/\/congrespaysage.ch\/2022\/wp-json\/wp\/v2\/pages\/831","targetHints":{"allow":["GET"]}}],"collection":[{"href":"https:\/\/congrespaysage.ch\/2022\/wp-json\/wp\/v2\/pages"}],"about":[{"href":"https:\/\/congrespaysage.ch\/2022\/wp-json\/wp\/v2\/types\/page"}],"author":[{"embeddable":true,"href":"https:\/\/congrespaysage.ch\/2022\/wp-json\/wp\/v2\/users\/1"}],"replies":[{"embeddable":true,"href":"https:\/\/congrespaysage.ch\/2022\/wp-json\/wp\/v2\/comments?post=831"}],"version-history":[{"count":20,"href":"https:\/\/congrespaysage.ch\/2022\/wp-json\/wp\/v2\/pages\/831\/revisions"}],"predecessor-version":[{"id":987,"href":"https:\/\/congrespaysage.ch\/2022\/wp-json\/wp\/v2\/pages\/831\/revisions\/987"}],"wp:attachment":[{"href":"https:\/\/congrespaysage.ch\/2022\/wp-json\/wp\/v2\/media?parent=831"}],"curies":[{"name":"wp","href":"https:\/\/api.w.org\/{rel}","templated":true}]}}